he greatest common divisor of 836 and 310783.
209
Calculate the greatest common factor of 1704 and 30246.
426
What is the highest common factor of 256 and 35032?
8
Calculate the greatest common divisor of 156152 and 7003.
149
Calculate the highest common divisor of 30 and 633618.
6
What is the highest common divisor of 180 and 73548?
36
Calculate the greatest common divisor of 218 and 4469.
109
Calculate the greatest common divisor of 30558 and 264.
66
What is the greatest common factor of 113802 and 156?
78
What is the highest common divisor of 5 and 21493?
1
Calculate the greatest common divisor of 94791 and 57.
57
Calculate the greatest common divisor of 200 and 1192950.
50
Calculate the highest common factor of 86952 and 4.
4
What is the highest common divisor of 41 and 1258987?
41
What is the greatest common divisor of 378 and 111930?
42
What is the greatest common divisor of 665600 and 4576?
416
Calculate the greatest common factor of 147 and 676473.
21
What is the highest common divisor of 641382 and 56?
14
What is the greatest common factor of 8 and 311944?
8
What is the highest common factor of 107296 and 9632?
224
Calculate the highest common factor of 377475 and 756.
21
Calculate the highest common divisor of 42600 and 5.
5
Calculate the highest common factor of 910 and 5330.
130
Calculate the highest common factor of 637 and 5831.
49
What is the greatest common divisor of 9024893 and 53?
53
Calculate the highest common divisor of 8 and 403976.
8
What is the highest common factor of 167 and 754172?
167
Calculate the highest common factor of 58000 and 203.
29
What is the greatest common divisor of 560 and 35760?
80
Calculate the highest common factor of 204 and 534.
6
Calculate the greatest common factor of 102970 and 200.
10
What is the highest common factor of 67838 and 37406?
634
Calculate the greatest common factor of 12351 and 108.
3
Calculate the greatest common divisor of 20655 and 31025.
85
What is the highest common factor of 3157 and 8701?
77
Calculate the highest common factor of 219596 and 28.
4
Calculate the highest common divisor of 184 and 28934.
46
Calculate the greatest common divisor of 2772 and 176.
44
What is the highest common factor of 6913 and 5828?
31
What is the greatest common divisor of 45 and 1572435?
45
What is the greatest common factor of 9978915 and 17?
17
What is the greatest common factor of 160821 and 214?
107
Calculate the greatest common factor of 942 and 3840.
6
What is the greatest common factor of 3618341 and 703?
703
What is the greatest common divisor of 212544 and 656?
656
What is the greatest common divisor of 405651 and 414?
69
What is the highest common divisor of 1029 and 3?
3
What is the highest common factor of 414801 and 27?
27
Calculate the greatest common divisor of 17672 and 15416.
376
What is the highest common factor of 14 and 794?
2
What is the greatest common factor of 39 and 30246?
3
What is the greatest common divisor of 24 and 66524?
4
What is the highest common factor of 33846 and 30?
6
What is the greatest common divisor of 249237 and 12393?
1377
What is the greatest common divisor of 448 and 4632768?
448
What is the highest common factor of 5225 and 34265?
55
Calculate the greatest common divisor of 5850 and 30150.
450
Calculate the highest common factor of 6554 and 144866.
226
What is the highest common factor of 501866 and 19?
19
What is the greatest common factor of 696 and 14145852?
348
Calculate the greatest common divisor of 47448 and 144.
72
Calculate the highest common divisor of 1110888 and 72.
72
Calculate the highest common factor of 353964 and 156.
156
What is the greatest common divisor of 910 and 224?
14
Calculate the highest common divisor of 124 and 398443.
31
Calculate the highest common divisor of 1103 and 6.
1
What is the highest common divisor of 130 and 2520778?
26
Calculate the greatest common factor of 805 and 33166.
161
What is the highest common factor of 547635 and 231?
33
What is the greatest common factor of 121176 and 103275?
1377
Calculate the highest common factor of 10797 and 1464.
183
What is the highest common divisor of 2099405 and 11?
11
What is the highest common divisor of 135 and 253665?
135
What is the greatest common factor of 120 and 36780?
60
What is the highest common divisor of 1722 and 1050?
42
Calculate the highest common divisor of 87947 and 155.
31
What is the highest common divisor of 3678239 and 61?
61
Calculate the highest common divisor of 100 and 44380.
20
What is the greatest common factor of 453873 and 21?
21
Calculate the highest common divisor of 65776 and 40.
8
Calculate the greatest common factor of 77 and 12.
1
What is the highest common divisor of 12 and 20804?
4
What is the greatest common factor of 5775 and 324555?
1155
Calculate the greatest common divisor of 184 and 45168.
8
Calculate the highest common factor of 10 and 133130.
10
What is the greatest common divisor of 140 and 3311630?
70
What is the greatest common factor of 1980 and 107316?
396
What is the greatest common factor of 164712 and 24?
24
What is the greatest common divisor of 40 and 59140?
20
Calculate the greatest common factor of 40 and 7768.
8
What is the greatest common factor of 1092 and 37212?
84
Calculate the highest common divisor of 69894 and 4589.
353
What is the greatest common divisor of 14898 and 1664?
26
Calculate the greatest common factor of 2581552 and 204.
68
Calculate the greatest common divisor of 161370 and 132.
66
Calculate the greatest common factor of 1 and 59999.
1
Calculate the highest common divisor of 182698 and 1837.
167
Calculate the highest common divisor of 793 and 5307.
61
What is the highest common divisor of 49929 and 2992?
187
What is the highest common factor of 10 and 110440?
10
Calculate the highest common divisor of 40920 and 1116.
372
Calculate the highest common divisor of 289 and 10812.
17
What is the highest common factor of 3618965 and 35?
35
What is the highest common divisor of 107214 and 33?
3
Calculate the highest common divisor of 9170 and 56.
14
What is the highest common factor of 209 and 8208?
19
Calculate the highest common factor of 5120 and 3160.
40
Calculate the greatest common divisor of 46 and 13938.
46
What is the greatest common divisor of 537 and 1201269?
537
Calculate the highest common divisor of 37516 and 35256.
452
What is the highest common divisor of 3222 and 822?
6
What is the greatest common factor of 4645 and 295?
5
What is the greatest common divisor of 208 and 1235416?
104
Calculate the greatest common divisor of 28045 and 497.
71
What is the greatest common divisor of 127 and 808609?
127
Calculate the highest common factor of 217 and 33976.
31
What is the greatest common divisor of 117 and 42081?
39
Calculate the highest common divisor of 4097 and 507064.
241
Calculate the highest common divisor of 12284 and 37.
37
What is the greatest common factor of 2818046 and 44?
22
Calculate the greatest common factor of 65500 and 6500.
500
What is the greatest common factor of 2844 and 192?
12
What is the greatest common factor of 1 and 209821?
1
Calculate the greatest common factor of 41838 and 12.
6
What is the greatest common factor of 2412 and 17353?
67
Calculate the highest common divisor of 28608 and 38442.
894
What is the highest common divisor of 177676 and 172?
172
What is the greatest common divisor of 6240 and 103920?
240
What is the greatest common factor of 200608 and 32?
32
Calculate the highest common factor of 329 and 1141.
7
Calculate the greatest common factor of 2727 and 297.
27
Calculate the greatest common factor of 16552 and 32.
8
What is the highest common factor of 22334 and 163210?
1718
What is the greatest common divisor of 2636283 and 897?
897
Calculate the highest common factor of 195845 and 3055.
65
What is the highest common factor of 5080 and 1524?
508
Calculate the greatest common factor of 23325 and 165.
15
Calculate the greatest common divisor of 8200 and 43624.
328
Calculate the greatest common factor of 26 and 1045109.
13
Calculate the greatest common factor of 1685664 and 16.
16
What is the highest common divisor of 85888 and 7381?
671
Calculate the greatest common divisor of 6 and 447879.
3
Calculate the highest common divisor of 33789 an